= u - 5*u. What is the hundreds digit of f(u)?
1
Let r(o) = 204*o + 75. Let n be r(7). Suppose -72*p + 76*p + h = 2024, -3*p = -3*h - n. What is the tens digit of p?
0
Let s(z) = z**3 + 7*z**2 - 7*z - 2. Let v be s(4). Let u = v + 142. What is the tens digit of u?
8
Let h(s) = -s**2 + 26*s + 7151. What is the units digit of h(0)?
1
Suppose -438*p = -406*p - 666304. What is the thousands digit of p?
0
What is the units digit of (-2703624)/(-315) + 17/255?
3
Let u be (100/15 + -6)*(-12)/(-2). Suppose -3*s = h - 2*s - 441, -2*s = -u*h + 1794. What is the units digit of h?
6
Let u be (-1)/5 - 126/(-30). Let q be (u + -3)*(-39 - -1). Let i = 69 + q. What is the tens digit of i?
3
Let q(f) = -643*f - 1360. What is the tens digit of q(-11)?
1
Let x(w) = 364*w**2 + 475*w + 3216. What is the hundreds digit of x(-7)?
7
Suppose 2*v + 3*m = 61, 4*v + 4*m + 17 = 137. Let s(b) = -21 + v*b**2 - 34*b**2 + 16 + 8*b**3. What is the units digit of s(3)?
6
Let n(w) = -34*w**2 + 42*w**3 + 168*w**3 + 31*w**2 + 2*w. What is the hundreds digit of n(1)?
2
Let l(f) be the second derivative of -f**5/20 - f**4/4 - 5*f**3/6 + 10*f. Let r be l(-3). Suppose -r*v + 935 = -4*v. What is the units digit of v?
5
Suppose -5*w - 4*n + 63486 = 0, n = w - 0*n - 12681. What is the ten thousands digit of w?
1
Let h(n) = 488*n**2 + 12*n - 13. What is the tens digit of h(3)?
1
Let d(o) = o + 4. Let l be d(0). Let k be (1/(-3))/(56/60 + -1). Suppose -a = l*g - 58, -2*g - 202 = -k*a - 0*g. What is the tens digit of a?
4
Let w = -55354 - -123053. What is the thousands digit of w?
7
Let p(t) = -20*t - 22. Let h be p(-17). Let m(n) = 115*n + 5. Let y be m(4). Let j = y - h. What is the hundreds digit of j?
1
Let d = -6302 + 11250. Suppose 37*w - 3*k - 6609 = 33*w, -4*k = -3*w + d. What is the thousands digit of w?
1
What is the hundreds digit of (1 - -940899)/25 + 24?
6
Suppose 4*a + 8214 = 2*o, -10*a + 20525 = 5*o - 15*a. What is the units digit of o?
3
Suppose 44*b - 25102 - 17270 = 0. What is the hundreds digit of b?
9
What is the ten thousands digit of (-495668)/(-14) - ((-2714)/(-161) - 17)?
3
Let j be 18/(-8)*(-24)/(-2). Let a = 29 + j. Suppose 510 = 5*s + 3*w - a*w, -4*s + 2*w + 394 = 0. What is the hundreds digit of s?
1
Let h = -664 + 721. What is the units digit of (-6 + h/9)*3153?
1
Let m(y) = y**3 - 14*y**2 + 14*y - 9. Let t(u) = -u**2 + 10*u - 11. Suppose -9 = -2*w + 3. Let b be t(w). What is the units digit of m(b)?
4
Let t(v) = -v**3 - 13*v**2 + 12*v - 26. Let r be t(-14). Suppose r*i = -2*i - 352. Let z = 21 - i. What is the hundreds digit of z?
1
What is the tens digit of (-864)/(-30)*15780/48?
6
Let m = -430 + 433. Suppose m*r - 4*b - 1011 = 0, -2*r - 2*b + 1659 = 3*r. What is the hundreds digit of r?
3
Let r = -842 + 1981. What is the hundreds digit of (-14)/(-49) - r/(-7)?
1
Let x be 9 - 9 - (-1)/1. What is the hundreds digit of 23/92 + 2347*x/4?
5
Let k = -48 + 73. Let s = 37 - k. What is the units digit of ((-24)/10)/(s/(-810)*3)?
4
Let s be (-16)/24 + ((-10)/(-15) - -2). Suppose 5*z + 2*j - 6916 = 0, 4*j = 5*j + s. What is the tens digit of z?
8
Suppose 3*s + 4 = -x + 2*x, 0 = -4*x + 4*s + 16. Suppose 0 = -x*i + 24 - 0. Suppose -i*y + 73 = -5*y. What is the tens digit of y?
7
Suppose -92*v - 401406 = -1521690. What is the ten thousands digit of v?
1
Suppose 165*g = 159*g - 17862 + 83514. What is the hundreds digit of g?
9
Let j be ((-8)/(-30))/(-2) - (-728)/(-390). What is the units digit of j - -233 - (1 + 2)?
8
Let g = 29 - -63. Suppose -g - 64 = -l. What is the units digit of l?
6
Suppose 0 = -2*z + 6*z + 5*l + 12, 2*l = 4*z - 16. Suppose z*n - 126 = 640. What is the units digit of n?
3
Suppose 12*y - 4*t = 11*y + 13153, 3*y = 5*t + 39466. What is the ten thousands digit of y?
1
Suppose -4*h + 3020 = 5*j, h - 3*h + 1510 = 3*j. Suppose -h + 11 = -3*a. What is the hundreds digit of a?
2
Suppose -3*m = 3*s - 22425, 3567 + 18850 = 3*m + 5*s. What is the units digit of m?
9
Let x(n) = 27*n**3 + 12*n**2 - 147*n - 1. What is the hundreds digit of x(7)?
8
Let k be 11/(-22) + (-2)/(-4). Suppose 3*y - 347 - 220 = k. What is the tens digit of y?
8
Let l(d) = 2*d**3 + 25*d**2 - 19*d + 109. What is the hundreds digit of l(11)?
5
Suppose 0 = -t - m + 12, -32 = -2*t - 5*m + 1. Let p(i) = -i**2 + 10*i - 9. Let d be p(t). Suppose -150 = -d*y - 5*y. What is the tens digit of y?
3
Suppose -5*i + 33*m = 29*m - 36305, 0 = i + 5*m - 7232. What is the units digit of i?
7
Let b be 319/(-66)*4*(-3)/2. Let o(a) = -a**3 + 30*a**2 + 3*a - 51. What is the tens digit of o(b)?
7
Let s(n) = n**3 + 10*n**2 + 9*n + 5. Let o be s(-9). Suppose -i + o*i - 4 = 0. Let q(y) = 67*y - 7. What is the units digit of q(i)?
0
Let v(p) = p. Let k(i) = -i**3 - 14*i**2 + 23*i + 34. Let m(t) = -k(t) + 5*v(t). Let o be m(-15). Suppose -o*q - 19 = -514. What is the units digit of q?
5
Let n(h) = 444*h**3 + 2*h**2 - h. Let i be n(1). Let w = 1120 - i. What is the hundreds digit of w?
6
Suppose 0 = -17*p - 16*p - 1782. What is the units digit of (-1)/9 + (-14046)/p?
0
Suppose -3*y - 18*f + 20*f + 168903 = 0, 5*y + f - 281466 = 0. What is the ten thousands digit of y?
5
Suppose 9*b + 3305 = 9848. What is the hundreds digit of b/6 + (-1)/6?
1
Let l = 25983 - 17225. What is the units digit of l?
8
Suppose 34*i + 328 = 38*i. Suppose -i*x + 204 = -79*x. What is the units digit of (-85)/x - (-802)/8?
9
Let o = 499 + -497. Suppose 4*w - o*b = -7*b + 1316, -b = -2*w + 658. What is the units digit of w?
9
Suppose 2*h + 10*h = 0. Let o be (2 - -2) + (-2 - -1). What is the units digit of (-8)/(o + (h - 291/96))?
6
Let b = 251 - -17. Let s = b + 161. What is the tens digit of s?
2
Let s(l) = 24*l + 22 - 18 + 9. What is the hundreds digit of s(10)?
2
Suppose h = 3231 + 1894. What is the hundreds digit of h?
1
What is the ten thousands digit of 68358/(-8)*-11*(-140)/(-1155)?
1
Let a = -39 - -33. What is the units digit of -2 - (21*34)/a?
7
Suppose 0 = 36*x - 42*x + 126. Suppose -2*k + x*k = 12635. What is the hundreds digit of k?
6
Let r(p) = 58*p**2 - 8*p - 9. Let k be r(-5). Let y = -909 + k. Suppose 9*d - 1742 = -y. What is the hundreds digit of d?
1
Let b be (4/3)/2 - 8/3. Let n be b - ((-16)/10)/(16/40). Suppose 13*k - n*k - 781 = 0. What is the tens digit of k?
7
Let a(q) = 36*q - 12. Let t be a(-16). Let g = 946 + t. What is the units digit of g?
8
Let o = 1741 + 3063. What is the units digit of o?
4
Suppose -3*r = 3*y - 39228, -7727 = -r + 2*y + 5358. What is the ten thousands digit of r?
1
Let b = -9404 - -15002. What is the thousands digit of b?
5
Suppose m + 56885 = 5*k, 3*m - 4391 - 29740 = -3*k. What is the ten thousands digit of k?
1
Suppose -3*s + 6 = -2*s. Let n(q) = 2 - s*q - 10 - 3 - 2. What is the tens digit of n(-10)?
4
Suppose 39*c = 43*c. What is the thousands digit of (6 - (c + -1237)) + 1?
1
Let t(h) be the third derivative of -h**6/120 - h**5/15 + h**4/3 + 19*h**3/6 - h**2 + 509*h. Suppose -2*y - 15 = -5. What is the units digit of t(y)?
4
Let u = 3623 + -759. Suppose -5*s + 3*p + 4784 = 7*p, 4*p + u = 3*s. What is the hundreds digit of s?
9
Let b(w) be the second derivative of 12*w + 1/6*w**4 + 7/6*w**3 + 0 + 7/2*w**2. What is the units digit of b(-7)?
6
Let m(h) = -33*h**2 - h - 2. Let t be m(2). Let r = 138 + t. What is the tens digit of r/8 - (-3500)/16?
1
Let l(t) = 4839*t**3 + 11*t - 6. Let d be l(3). What is the hundreds digit of (-2)/13 + d/702?
1
Suppose -182*w = 39*w - 348982 - 94786. What is the thousands digit of w?
2
Let x be ((-2)/(-9)*6)/((-4)/6). Let g be ((-5)/x + -2)/((-3)/12). What is the units digit of (g*4*-4)/(-6 - -8)?
6
Let l = -1760 + 1763. Let b be (-33)/(-9) + 2/(-3). Suppose -l*x + y = -298, 0 = 3*x - x - b*y - 187. What is the hundreds digit of x?
1
Let g be 2/(14/49) + -3. Suppose 0 = -5*j + g*v + 495, 370 = 2*j + 2*j + 2*v. What is the tens digit of j?
9
Suppose -7*f + u - 265 = -3*f, 3*f - u = -199. Let q = f + 64. Let k(a) = -15*a**3 - 4*a**2 - a + 2. What is the hundreds digit of k(q)?
1
Let r be (-4 - 132/(-9))*30/(-8). What is the hundreds digit of 979 - (2/5)/(16/r)?
9
Let b = 485 - 209. Suppose -4*u + 6*u = -c + 59, -4*c + b = -2*u. Let f = -4 + c. What is the tens digit of f?
6
Let k = -292 + 9126. What is the units digit of k?
4
Let m be (-1691)/133 - (10/(-14) - 